7
Let y = -170 - -314. List the prime factors of y.
2, 3
Suppose -2*y - 3*r + 23 = 0, 96 = -y + 5*y - 4*r. Suppose 14 + y = 3*q. List the prime factors of q.
11
Suppose 2*t = 7*t - 25. List the prime factors of 2/t + (-159)/(-15).
11
Let h(v) = v**2 + 7*v - 6. Let i be h(-8). Suppose -2*f = 5*d + 2, -d - 3*f - 1 = i. Suppose d = -q + 3*q - 36. List the prime factors of q.
2, 3
Suppose -4*o + 9 = 21. Let h(m) be the second derivative of -5*m**3/6 - 2*m**2 - m. List the prime factors of h(o).
11
Suppose -5*q - 2*z + 5*z - 54 = 0, 4*z = -3*q - 15. Let n = q + 35. List the prime factors of n.
2, 13
Let p be 10*3/6*7. Suppose p = -5*q - 4*c, q - 6*q - 30 = 3*c. Let z(x) = -2*x - 2. What are the prime factors of z(q)?
2
Let a = 31 - 13. Suppose 3*z - 15 - 60 = 0. Let w = z - a. List the prime factors of w.
7
Let z be (2/4)/(2/(-20)). Let y = 2 - z. List the prime factors of y.
7
Suppose 4*c = -3*r + 104, 2*r = -3*r + 5*c + 115. Let b = r + 2. Suppose h - 69 = -3*h + 5*k, 5*h = -5*k + b. What are the prime factors of h?
11
Let b = 11 - 7. Suppose 0 = b*v - 16. What are the prime factors of v?
2
Let m be 1/(2/(-68)*2). List the prime factors of 2*(-3)/(6/m).
17
Let g(m) = 4*m**2 - m - 1. Suppose 3*q + 5 = 23. Let j(t) = t**2 - 7*t + 5. Let k be j(q). What are the prime factors of g(k)?
2
Let x be 57/21 - (-6)/21. Suppose 4*f = x*n - 2, n - 5*f + 3 = -0. Suppose -14 = -0*i - n*i. What are the prime factors of i?
7
Let v(r) = r + 6. Let t be v(9). Let j = -11 + t. Suppose j*y = -3*x + 24, -y + 4*x + 6 + 0 = 0. List the prime factors of y.
2, 3
Let r(v) = v**3 + v**2 - v + 34. What are the prime factors of r(0)?
2, 17
Suppose -2 = d - 5. Let l be (-4)/12 + (-2)/d. What are the prime factors of l/(-1) + 2*2?
5
Let b = 265 - -267. What are the prime factors of b/21 - (-1)/(-3)?
5
Let v be -37 - -2*(-3)/(-3). Let s = v + 71. List the prime factors of s.
2, 3
Suppose d = 4*d - 15. Suppose d*b = b + 40. What are the prime factors of b?
2, 5
Let o = 3 - 6. Let g = o - -5. What are the prime factors of (g/2)/((-1)/(-2))?
2
Suppose -4*p = 5*u - 449, 207 = -2*p + 4*p - u. Suppose -p + 6 = -4*q. Let x = -13 + q. What are the prime factors of x?
2, 3
Suppose -17 = -3*v + 2*u, -3*u = -0*v + 2*v - 7. Let p = v + -3. Suppose 3*g + 4*t - p = 0, -4*g + 3*t + 36 = -0*g. What are the prime factors of g?
2, 3
List the prime factors of ((-142)/1)/(-6 + 4).
71
Let b = 5 + -5. Suppose -5*c + 4 + 26 = b. What are the prime factors of c?
2, 3
Let c(n) = n**2 - 3*n + 1. Let l be c(4). Let k = l - 1. Suppose -q + 1 = 0, 0 = 2*m - q - k - 15. What are the prime factors of m?
2, 5
Let j(l) = -l**2 + 3*l. Suppose k - 2 - 4 = 0. Let y be j(k). What are the prime factors of (-2)/4 - y/4?
2
Let g(o) = -6*o + 4. Let n be g(-3). Let a = n - 19. What are the prime factors of a?
3
Let s(i) = -i**3 - 4*i**2 - 2*i - 8. Let q be s(-4). What are the prime factors of 1 + q - 1 - -42?
2, 3, 7
Let u be 258/15 - 5/25. Suppose u = b + 4. What are the prime factors of b?
13
Let h = -134 - -242. What are the prime factors of h?
2, 3
Suppose -c - 622 = -2*h - 5*c, 0 = 4*h - 5*c - 1205. What are the prime factors of h?
5, 61
Let s be 0/(-1)*2/(-4). Suppose 0 = -5*n - s*n - 10. Let w = n - -7. List the prime factors of w.
5
Let f = -51 + 75. What are the prime factors of f?
2, 3
Let v(k) be the first derivative of 4*k**3/3 - k**2 - 2*k + 55. Let r = 4 + -6. What are the prime factors of v(r)?
2, 3
Let o be 2/10 + (-42)/35. Let y be 2/(-8) + (-177)/12. Let a = o - y. What are the prime factors of a?
2, 7
Suppose -2*x + 6*u - 38 = 3*u, -3*u - 72 = 3*x. Let g = -12 - x. What are the prime factors of g?
2, 5
Let q(y) = -195*y**3 - 3*y**2 - 2*y + 1. List the prime factors of q(-1).
3, 5, 13
Let s(w) = 2 + 1 + 6*w - 5. Let x be s(4). Let f = 32 - x. What are the prime factors of f?
2, 5
Let j = -32 + 53. List the prime factors of j.
3, 7
Let w = 94 - 37. What are the prime factors of w?
3, 19
Let w(i) = i + 1. Let q be w(2). List the prime factors of 22 + ((-2)/(-1) - q).
3, 7
Let b = 1 - -1. Suppose 0*u = -b*u + 18. List the prime factors of (-2)/(-3) + 66/u.
2
Suppose -4*u - 3 = -o - 13, 5*u = 4*o + 7. Suppose 0*w + 2*w = 2*p - 2, p = -4*w + 11. What are the prime factors of (w/o + -12)*-1?
11
Let b(c) = -c**2 - 11*c - 14. What are the prime factors of b(-6)?
2
Let m(c) = 3*c**2 + 1. Let b be (-4)/(-10) - 46/(-10). Suppose -b*y = -3 - 7, 2*h + 6 = 4*y. What are the prime factors of m(h)?
2
Suppose -5*h + 0 = -10, -x + 28 = 4*h. What are the prime factors of x?
2, 5
Let g = 70 - 39. List the prime factors of g.
31
Let d = 67 - 25. What are the prime factors of d?
2, 3, 7
Let k be 1/(9/6 + -1). Suppose -k*o - 1 = 4*y - 3*y, 5*o - 4*y = 17. Suppose -1 = -p + o. What are the prime factors of p?
2
Suppose -3*i = 9 + 21. List the prime factors of 24*i*(-1)/8.
2, 3, 5
Suppose h + 28 = 194. List the prime factors of h.
2, 83
Let x be ((-3)/(-4))/((-2)/(-8)). Suppose -15 = -3*o + x. Suppose 3*d = n + 24, -2*n = 4*d - o*n - 32. List the prime factors of d.
2
Let i = 71 - 50. What are the prime factors of i?
3, 7
Suppose -5*m - 78 = -2*m. Let l = m + 54. What are the prime factors of l?
2, 7
Let u = -13 + -4. Let p = 61 + -93. Let f = u - p. What are the prime factors of f?
3, 5
Suppose 0 = 4*h + 4*b - 73 - 39, 2*h + 4*b = 62. List the prime factors of h.
5
What are the prime factors of 2 + 8/(-20) + (-1026)/(-15)?
2, 5, 7
Suppose 4*g = 117 + 7. List the prime factors of g.
31
Let h = 9 + -5. Suppose -60 = -4*b + h*m, -b + 17 = -0*b - 3*m. What are the prime factors of b?
2, 7
Let o(r) = 32*r**2 - 2*r - 1. Let g be o(-2). Suppose g = 4*f + 19. List the prime factors of f.
2, 7
Let j = 4 - 1. Let f = -16 - -22. Suppose -j*c + f = -c. What are the prime factors of c?
3
Suppose 4*f - 40 = -0*f + 4*v, 4*v = f - 25. List the prime factors of f/(-30) - 146/(-12).
2, 3
Let k(d) = -3*d**3 + 3*d**2 + 2*d + 3. List the prime factors of k(-2).
5, 7
What are the prime factors of (-1 + 27)/1 - 0?
2, 13
Suppose 4*f - 26 = -6. Let q = f - -12. What are the prime factors of q?
17
Let n(y) = y**2 + y + 4. Suppose -10 = -5*z, 4*z - 20 = 3*d - 0*z. List the prime factors of n(d).
2
Let x = -2 - -7. Suppose -x*r = -3*i + 6, 2*i - 4*i = 4*r - 4. List the prime factors of i.
2
Suppose 5*s = -0*s + 175. What are the prime factors of s?
5, 7
Suppose -5*q + q - n + 20 = 0, 4*q - 20 = -4*n. Let h = 0 + q. Let k = h + 9. What are the prime factors of k?
2, 7
Suppose x + 0*f - 29 = 5*f, -12 = 2*x + 4*f. Suppose b - x = -37. List the prime factors of b/(-4) - 5/20.
2
Suppose -3*t - 2 = -14. Let z(s) = -3 - s - t*s + 2 + s**2. List the prime factors of z(6).
5
Let y be (-3)/(-7) + 965/35. Suppose -2*a = 2*a - y. What are the prime factors of a?
7
Let f(k) = 4*k - 6*k + 4 + 4*k. What are the prime factors of f(8)?
2, 5
Suppose 0 = 5*n + 2*s - 258, -4*n - s + 210 = -3*s. What are the prime factors of n?
2, 13
Suppose 11*q = 3*q + 1280. What are the prime factors of q?
2, 5
Let q(v) = 8*v - 3. Let j(p) = 7*p - 2. Let t(z) = -5*j(z) + 6*q(z). List the prime factors of t(4).
2, 11
Suppose -4*s + x = 5*x + 48, 3*s + 48 = 3*x. Let m = -10 - s. What are the prime factors of m?
2
Suppose -2 = -5*o + 2*v + 4, 0 = 5*o + v + 3. Suppose 4*f - 1 - 7 = o. Suppose f*q + 3*u + 21 - 52 = 0, 3*u + 25 = 2*q. What are the prime factors of q?
2, 7
Suppose -4*b - y + 5 = 0, -2*y = -5*b + 9 + 7. Suppose -2*g + 2 = -2*l, -5*g + 9 = -b*l - 2*l. List the prime factors of g.
5
Let k = -16 + 34. List the prime factors of k.
2, 3
Suppose -d + 42 = 6. List the prime factors of d.
2, 3
Let i(c) = 2*c**2 - 8*c + 7. Let d be (-5)/3*(0 + -3). Let l be i(d). Let q = 27 - l. List the prime factors of q.
2, 5
Suppose -2*s + p = -6 - 18, -s + 2*p = -18. Suppose -3*j + 0*w + 4*w = 6, 5*j = -4*w - s. Let q = j - -6. What are the prime factors of q?
2
Let v(m) = m**3 + m**2 - 2*m + 1. Let a be v(-2). Let j be -2*((-16)/a - -2). Let h = j + -16. What are the prime factors of h?
2, 3
Let m = -6 - -8. Suppose -4*p + 60 = 5*n, -m*n - 5*p + 65 = 3*n. Suppose -2*q + 5*l = 3*l - n, 37 = 4*q + 3*l. List the prime factors of q.
7
Let a(k) = k - 3. Let j be a(7). Suppose 0 = j*b - 0*b - 96. List the prime factors of b.
2, 3
Let k(l) = l**2 - 5*l + 6. Suppose 2 = -r, 2*n + 5*r + 2 = n. Let z be